et h(g) = -g**3 - 56*g**2 - 116*g - 109. Let k be h(-54). Calculate the greatest common factor of k and 361.
19
Suppose 0 = 18*a - 27*a + 36. Let q be 0 - (-735)/6 - (-6)/a. Calculate the greatest common factor of q and 558.
62
Let b be (-346296)/(-10575) + (-4)/50 + 5/(-3). What is the highest common factor of 8401 and b?
31
Let m(k) = 3*k**2 + 4*k + 3. Suppose 15 - 17 = 2*c. Let f be m(c). Calculate the greatest common divisor of 4 and f.
2
Let a(p) = -p**3 - 68*p**2 - 137*p - 194. Let s be a(-66). What is the greatest common factor of s and 3128?
136
Suppose -2704 - 4074 = -25*d + 722. Calculate the greatest common divisor of 800 and d.
100
Let f be -60*(-24)/18 - (-39)/((-143)/11). Let c = 29 + -18. What is the highest common divisor of c and f?
11
Suppose 98 = 2*i + 4*n, 5*i - 102*n = -99*n + 232. What is the highest common divisor of 8789 and i?
47
Let p = 4530 + -3459. What is the highest common divisor of 476 and p?
119
Suppose -13*t = -91*t + 4768 - 1492. What is the highest common divisor of 1113 and t?
21
Let p(t) = 349*t**2 + 10*t - 44. Let c be p(4). Calculate the greatest common factor of c and 36.
36
Suppose 0 = 2*j - j - 4*a + 12, -3*a + 9 = j. Let q be 7*(-483)/(-7 - j). What is the greatest common factor of q and 21?
21
Let j(w) be the second derivative of 9*w**3/2 + 83*w**2 + 110*w. Let i be j(-6). Calculate the highest common factor of i and 92.
4
Suppose 26305*a = 26288*a + 1105. Let g = 0 - -4. Suppose -g*o - o + 260 = 0. What is the highest common divisor of a and o?
13
Let r be (6 + (-308)/56)*87732. What is the greatest common factor of r and 9?
9
Let l = -9223 - -9235. Let x be (-2)/8 - 1299/(-12). What is the highest common factor of l and x?
12
Let w(s) = 648*s - 70. Let d be w(6). Calculate the greatest common factor of 332 and d.
166
Let f = 8256 - 7471. Calculate the greatest common divisor of 15 and f.
5
Suppose 2*k - 5*b - 48 = 0, 4*k + 0*b - 96 = -4*b. Suppose 5*y - k = 21. Suppose 6 = y*n - 7*n. Calculate the highest common factor of 3 and n.
3
Let r be (-15)/10 + (-11)/(66/(-1449)). Suppose r = -56*x + 66*x. Calculate the highest common divisor of 60 and x.
12
Let d(w) = w**3 + 22*w**2 + 87*w + 40. Let t be d(-17). Suppose -t*f = -10*f - r + 93, 2*r = 2*f - 34. Calculate the greatest common factor of f and 682.
22
Suppose 2*t - 18 = -8. Suppose t*r - 115 = 185. What is the greatest common factor of r and 96?
12
Let c(m) = 18 - 3*m**2 + 6*m + 0*m**2 - 7*m - 100*m. Let w be c(-21). What is the greatest common factor of w and 68?
68
Suppose -11*n = 7*n - 54. Suppose -b = -n*s - 22, b + 74 = 5*b + 2*s. Calculate the greatest common divisor of b and 304.
19
Let z(f) = 2*f**2 - 61*f + 749. Let i be z(24). Let w be 554/12 + (-2)/12. Calculate the highest common divisor of i and w.
23
Let x(o) = 52*o**2 + o - 1. Let i be x(-3). Suppose -2695 + 305 = -10*u. Let d = i - u. What is the highest common divisor of 25 and d?
25
Let u = -417 - -433. Suppose 355 = 5*r + 3*f + 47, 0 = -4*f - u. What is the highest common factor of 4 and r?
4
Let g = -993 - -1398. Calculate the highest common divisor of 1134 and g.
81
Let o(a) = -14*a + 12. Let l(q) = -q. Let x be (1 - 4)*(-2 + 8 - 2). Let k(t) = x*l(t) + o(t). Let s be k(-23). Calculate the highest common factor of 87 and s.
29
Suppose -51 = m + r + 36, 2*m + 204 = 4*r. Let l = 102 + m. Calculate the highest common divisor of 70 and l.
10
Let p(n) = 4*n**2 + 11*n**2 - 46*n - n**2 - 7*n**2 + n**3 + 14*n**2 + 30. Let b be p(-23). What is the highest common divisor of 270 and b?
30
Let a(c) = -3*c**2 + 36*c + 6. Let w(t) = -4*t**2 + 37*t + 6. Let g(p) = 5*a(p) - 4*w(p). Let x be g(-32). What is the highest common factor of x and 21?
3
Suppose 3*k - 2 = 181. Let c = k + -46. Let p be (c - (2 + -4)) + 4. Calculate the highest common factor of p and 168.
21
Suppose -8*w + 425 = 10*w - 1789. What is the greatest common divisor of 8118 and w?
123
Let q(r) = r**2 + 3*r + 2. Let d be q(-3). Suppose -17*x + d*x = -2730. Calculate the greatest common divisor of 56 and x.
14
Let m = 957 + -723. Let o be ((-50)/(-4))/(117/m). What is the highest common factor of o and 175?
25
Let a(n) = 9*n**3 - 4*n**2 - 2*n + 8. Suppose 5*u + y - 7 = 0, -3*u - y = 8 - 11. Let d be a(u). What is the highest common factor of d and 144?
12
Let r(t) = -3*t**2 + 18*t - 3*t + t**3 - 12*t - 8. Let o be r(3). Let q(v) = -v + 2. Let p be q(-3). Calculate the greatest common divisor of o and p.
1
Suppose -2*z + 89 = 3*n, n = 3*z + 3*n - 136. What is the greatest common divisor of z and 1978?
46
Let t be (-2)/(-12) - (-5)/6. Let p be 510/70 + ((-10)/(-14) - t). Let u(g) = 6*g - 32. Let q be u(p). What is the highest common divisor of q and 30?
10
Let k(i) = -79*i - 8. Let n be k(3). Let l = -166 - n. Let f = l + -37. What is the greatest common divisor of f and 63?
21
Let w(m) = -2*m**3 - 52*m**2 - 3*m + 23. Let z be w(-28). What is the greatest common factor of z and 69?
69
Let o(g) = 2*g + 4. Let i be o(6). Let j(m) = m**2 - 28*m + 260. Let l be j(22). Calculate the greatest common factor of i and l.
16
Suppose 2*a - 2*j - 27 - 13 = 0, 0 = 3*a + 4*j - 74. Let w be 1/5 + (-1173)/(-85). Let z be 6/w - (-22)/14. Calculate the greatest common factor of z and a.
2
Let b = 164874 - 164458. Suppose -2*j + 5*j = 156. What is the highest common factor of b and j?
52
Suppose 0*v - 4*v = -48. Suppose -4*f = -t - 27, 3*f + t + t = v. Suppose -19 = -8*z + 101. What is the greatest common factor of z and f?
3
Suppose 82 = 2*d + 4*z, 22*d - 18*d + z = 129. Suppose -11*g + 16*g + 35 = 4*w, 5*w - 2*g = d. Calculate the greatest common factor of w and 25.
5
Suppose 25*f - 24*f = 2*w - 46, -4*w + 120 = 5*f. Calculate the highest common factor of 1045 and w.
5
Let l be (3*(-632)/(-3))/((-42)/(-126)). Calculate the greatest common factor of l and 216.
24
Let z = -5921 + 5984. Calculate the highest common divisor of 7497 and z.
63
Let p = 73 + -85. Let n(t) = t**3 + 26*t**2 - 15*t. Let v be n(p). Let s be (-30)/(-165) - v/(-22). Calculate the highest common factor of 25 and s.
25
Let y be 2/(9 - (-134872)/(-14984)). Let d = y - -3131. Calculate the greatest common factor of 34 and d.
34
Suppose 505*f - 2*y - 1588 = 504*f, 0 = -3*f - 4*y + 4814. What is the highest common divisor of 94 and f?
94
Suppose 0 = -141*p + 45628 + 15566. Calculate the highest common divisor of 378 and p.
14
Suppose 3*a = 3*n - 6*n + 462, -309 = -2*n - 3*a. Let k be 4/8*0/(-2 + 6). Suppose k = -11*i - 63 + 250. Calculate the highest common divisor of i and n.
17
Let o = 86425 - 86418. Let f be 0 + (-1 - (-4 + 2)). Let h be (-29)/(-1) - f/1. Calculate the greatest common factor of o and h.
7
Suppose -2*z = 5*a - 7*a + 12, -a - z = 2. Let f be (-8 - -1)*(-18)/21*a. Calculate the greatest common divisor of f and 28.
4
Suppose -58*g = -193*g + 6462720. What is the highest common factor of g and 34?
34
Let q = -14 + 34. Let j(a) = -2*a + 8. Let z be j(4). Suppose h + 5*k - 12 = z, -6 + 0 = -5*h + 2*k. What is the highest common factor of h and q?
2
Suppose 4*n = 3*d - 136 - 952, -3*d + 813 = -3*n. Let q = 323 + n. What is the greatest common divisor of 18 and q?
6
Suppose 0 = -2*w + v + 7, -3*v + 2 = -7. Let a be 6 - (w + -2 + 0). Calculate the highest common divisor of 30 and a.
3
Let t = -2311 - -2767. Calculate the greatest common factor of 57 and t.
57
Let b(h) = -12*h**2 - 5*h - 14. Let z be b(-4). Let w = 202 + z. What is the greatest common factor of w and 80?
16
Suppose -2*k + 11417 + 1693 = -k. Calculate the highest common factor of k and 30.
30
Let q be (1491/(-14))/(3/5)*-28. What is the greatest common factor of q and 70?
70
Let y be 2/(-12)*2*285. Let t = y - -99. Suppose 788 = 3*c - t*u - 0*u, -1270 = -5*c - 2*u. What is the highest common divisor of 32 and c?
32
Suppose 5*w = 4*u - 1651, -u - 4*u - 6*w + 2076 = 0. What is the greatest common factor of 2346 and u?
138
Let z = -68 + 43. Let i be -7*(-10)/245 - (-794)/14. Let o = i + z. What is the greatest common divisor of 4 and o?
4
Let h(r) = -3*r**3 + 4*r**2 - r. Let y be h(-3). Let u = -39812 + 40012. Calculate the greatest common divisor of u and y.
40
Suppose 4*v - 5*b = 719, -4*v + 0*b + 764 = 4*b. Suppose 188*o - 58 = v*o. What is the highest common divisor of 29 and o?
29
Suppose -3*f - 1